ppose -56 = -4*i - 4*x, 43*i + 5*x + 101 = 47*i. Let g be 4/14 - (-6627)/7. Suppose -i*v - g + 3588 = 0. What is the units digit of v?
9
Suppose -22 + 7 = -5*v. Suppose 4*m - 18 - 211 = -v*w, 4*m = 5*w - 435. Suppose 2*t + 9 = w. What is the units digit of t?
7
Let c(d) = -d**2 + 31*d + 146. Let t be c(33). What is the tens digit of ((-608)/t)/(-19) + 846/10?
8
Let c(i) = -2 + 9*i + 20 + 27. Suppose 3*q + 0*q = -6*z + 33 + 15, 0 = -3*z. What is the hundreds digit of c(q)?
1
Suppose 89*o + 15896 = 91*o. What is the units digit of o?
8
Let w = -217 - 1467. Let i = w + 2505. What is the hundreds digit of i?
8
Suppose n = -35*n - 37*n + 1624834. What is the tens digit of n?
5
Suppose 17*p + 120670 - 322307 = 0. What is the hundreds digit of p?
8
What is the units digit of (-261815)/3*(-2640)/4400?
3
Let o(u) = u**3 + u**2 + u + 2. Let l be o(0). Suppose -60 = -y - l*y. Suppose -1804 = 9*x - y*x. What is the tens digit of x?
6
Let u = 25 - -31. Let n = 167 - u. What is the tens digit of n?
1
Let p(q) = q**3 + 12*q**2 + 12*q + 7. Let c be p(-10). Suppose -o = 2*a - c, 4*o - 43 = a + 287. Let v = -59 + o. What is the units digit of v?
4
Suppose -2*h = -4*h - 142. Let r = h + 122. Let g = -14 + r. What is the tens digit of g?
3
Let d(q) = 172*q**2 - 51*q + 207. What is the ten thousands digit of d(13)?
2
Suppose -4*i + 12 = -4. Let y = -358 - -1121. Suppose i*s - y = 177. What is the tens digit of s?
3
Suppose -31*v + 33016 + 61782 = 0. What is the hundreds digit of v?
0
Suppose -99 - 83 = -26*o. What is the tens digit of (-456 + o/(-7))/((-3)/3)?
5
Let v(r) = 3*r**2 - 31*r - 42. Suppose -34*l = -23*l - 187. What is the hundreds digit of v(l)?
2
Suppose 0 = -2*c + 5*a + 48409, 3*c + 122*a = 125*a + 72645. What is the hundreds digit of c?
2
Suppose 453*g + 1868716 = 4853080. What is the tens digit of g?
8
Suppose 4*n + 4*o = 8, 13*n + 2*o + 14 = 14*n. What is the tens digit of 1/3 + 304/n?
5
Suppose 163030 = 179*d - 42*d. What is the units digit of d?
0
Let y = 488 - 66. Let l = -245 + y. What is the tens digit of l?
7
Suppose 2*m = 3*k + 6, k + k = m - 4. Let f be 9 - (-13 - -12) - -74. Let h = f + k. What is the tens digit of h?
8
Suppose 5030 = 3*q + 4*w, 0 = -3*q - w + 847 + 4168. What is the units digit of q?
0
What is the ten thousands digit of (703/(-57))/(1/4308*-4)?
1
Suppose -27*s + 34803 = -211626. What is the tens digit of s?
2
Suppose -c = 6*s - 2*s - 100784, -2*c = -2*s + 50412. What is the hundreds digit of s?
1
Suppose 64 + 50 = 38*q. Let m = 20 + 10. Suppose o - 26 = -g, q*o - g - 120 = -m. What is the units digit of o?
9
Let n(l) = 5*l + 41. Let k be n(-16). Let x = k - -164. Let w = x + -59. What is the tens digit of w?
6
Suppose 0 = -3*t + 4*h - 7*h + 103167, -5*h = -t + 34425. What is the thousands digit of t?
4
Let q(s) = 425*s**2 - 327*s + 1929. What is the ten thousands digit of q(6)?
1
Let u = 34025 - 33452. What is the tens digit of u?
7
Suppose -883471 + 3118345 = 74*t. What is the ten thousands digit of t?
3
Suppose -367 = 6*z - 73. What is the tens digit of 7/(z/(-35)) + 31?
3
Let t = 12608 - -10360. What is the hundreds digit of t?
9
Let u(j) = -j**3 + 5*j**2 + 3*j - 22. Let h be u(3). Suppose y + h = 0, 0 = 2*c + 2*y + 2*y - 1274. What is the hundreds digit of c?
6
Suppose 31*o = 28*o. Suppose 4*u + o*u = 4*j - 1464, -3*u - 15 = 0. What is the hundreds digit of j?
3
Let g(k) = -k + 1. Let t be g(13). Let i(b) = 2*b**2 + 26*b + 8. Let l be i(t). What is the units digit of (l + 0)/((-1)/((-30)/(-4)))?
0
What is the tens digit of 2 + 2*21/(-24) - (-33906096)/1344?
2
Suppose 66*g - 3 = 69*g, 4*g - 124 = -2*l. Let d = 3 + -3. Let h = l - d. What is the units digit of h?
4
Let a = -112 + 112. Suppose -4*w + a = -4, -5*w = -4*l + 371. What is the tens digit of l?
9
Let o be (15/12 + -1)/(21/252). What is the thousands digit of 5 + 1266 - (o - (-8 - -5))?
1
Suppose 14*i - 6*i = -312. Let m = i + 42. Suppose m = d - 282. What is the hundreds digit of d?
2
Suppose -8*q + 51264 = 28*q. Suppose -t - 3*c + c = -q, 0 = 5*t - c - 7098. What is the hundreds digit of t?
4
Suppose 0 = 5*y - 3*c - 22, -9 = 3*y + 4*c + 1. Suppose y*o - 2*r - 774 = 0, 2*r = 4*o - 106 - 1452. What is the units digit of o?
2
Let j(t) = -7*t**2 - 5*t - 6. Let c be j(-1). What is the hundreds digit of c/12 - ((-2212)/6 - -3)?
3
Let y(d) = d**3 + d + 6. Let q be y(3). Suppose -20*f - 6192 = -q*f. What is the hundreds digit of f?
3
Let v(d) = 90*d + 2446. What is the hundreds digit of v(-4)?
0
Let b be -7 - (-12)/(0 + 3). Let r be (2 - ((-2)/1 - b)) + 278. Let l = -179 + r. What is the tens digit of l?
0
Suppose -3*r = -3*g + 10215, -4*g + 5*r + 21971 = 8353. What is the units digit of g?
7
Suppose -5*z - 12*m + 30788 = -16*m, -2*m + 6 = 0. What is the thousands digit of z?
6
Let p(t) = -t**3 + 18*t**2 - 32*t + 5. Let h be p(16). Suppose -h*b - 679 = -13*j + 9*j, -j + b + 169 = 0. What is the tens digit of j?
6
Let d(q) = 6*q**2 + 7*q - 5. Let m be d(-2). Suppose f - 233 - 202 = -5*x, -5*f - m*x = -2175. What is the units digit of f?
5
Suppose 5*w + 10444 = -3*h, -4189 = 3*w - w + 5*h. What is the tens digit of w/(-4) - (-75)/(-100)?
2
Suppose 7*z = -33*z + 13*z + 625428. What is the units digit of z?
4
Let h be (-5 - (-45)/10)/((-1)/(-98)). Let a = h + 105. What is the units digit of (-140)/(-42)*(-2 + a)?
0
Let z(c) = 170*c**2 - 260*c + 12. What is the tens digit of z(4)?
9
Suppose 2*q + 8 = 14, 0 = z + 4*q - 6373. What is the tens digit of z?
6
Let w(h) = -3*h**2 + 9*h + 60. Let l be w(-5). Suppose x = 4*b + 69, 5*x - 6*b - 420 = -b. Let o = l + x. What is the tens digit of o?
2
Let x be (2/(-6) + 0)*-717. Let a = -2027 - -2367. Let w = a - x. What is the units digit of w?
1
Suppose 46*h - 18*h - 31109 = 19963. What is the thousands digit of h?
1
Let f(p) = -3*p**3 + p**2 + 4*p + 15789. What is the units digit of f(0)?
9
Suppose -79680 = -2*v + 4*b, 2879*b - 2884*b - 119519 = -3*v. What is the units digit of v?
8
Suppose -537 = -8*d + 7*d. Let p be d/(-12) + 15/20. Let c = 3 - p. What is the units digit of c?
7
Let x(b) = -3*b**3 - 15*b**2 - 6*b - 31. Let o(v) = v**3 - 12*v**2 - 14*v + 6. Let c be o(13). What is the units digit of x(c)?
5
Suppose -4*s + 140087 = -801. What is the units digit of s?
2
Let l(k) = 35*k**2 + 6*k + 9. Let u be 5 + 105/(-10) + (-15)/(-10). What is the units digit of l(u)?
5
Let i = 142 + 2798. What is the thousands digit of i?
2
Let v(b) = b**3 - 24*b**2 + 5*b + 33. Let z be v(24). Suppose -2*i + 5*i - 741 = 5*f, 0 = 5*i + 5*f - 1235. Suppose -z = -4*r + i. What is the units digit of r?
0
Let j = -1516 + 5853. What is the units digit of j?
7
Let f = 164 + -51. Suppose 551 = 6*b + f. What is the tens digit of b?
7
What is the ten thousands digit of (-36)/(-3 - 1) - (-83210 - (4 + -1))?
8
Suppose -65*y = -63*y + 4*b - 16, 22 = 4*y + 3*b. Suppose 1085 = y*j - 5055. What is the tens digit of j?
3
Let t = -2723 + 4989. What is the tens digit of 2/((12/t)/3)?
3
Let i(n) = 930*n**2 + 26*n - 45. What is the thousands digit of i(4)?
4
Let q = 19021 + -11587. What is the thousands digit of q?
7
Suppose -104*s - 126*s + 255*s = 239300. What is the units digit of s?
2
Suppose -18*c + 47818 = -60254. What is the thousands digit of c?
6
Let v(h) = -h**2 - 21*h - 104. Let g be v(-8). Suppose -o = -5*q - 472, g = 9*o - 5*o - 5*q - 1903. What is the units digit of o?
7
Let l(w) = -3*w + 24. Suppose 19*n - 28 = 15*n. Let y be l(n). What is the tens digit of 400/(-2 - -6) - y?
9
Let w = -7575 - -7627. Let j = 1 + 3. Suppose w = 6*a - j*a. What is the units digit of a?
6
Suppose -1962 = -17*v + 8*v. Let u(j) = -v*j - 39 + j**2 + 121*j + 110*j. What is the units digit of u(-17)?
9
Suppose 22*i + 90468 = -24*i + 53*i. What is the hundreds digit of i?
9
Suppose -2213 + 65 = -3*v. Suppose 3*b + 5*s = 4*s + 424, 0 = -5*b + 3*s + v. What is the tens digit of b?
4
Let x(k) = -207*k + 709. What is the thousands digit of x(-13)?
3
Suppose -2*k = -y + 4563, -2*k + 13456 = 4*y - 4786. What is the thousands digit of y?
4
Suppose -101 = 16*d + 203. Let j(m) = m**2 + 19*m + 4. Let z be j(d). Suppose z*k = k + 234. What is the units digit of k?
8
Suppose 9*m = -4*o + 4*m + 35447, m = 3*o - 26571. What is the units digit of o?
8
Suppose -7462 = -r - 1322. What is th